- -6) + 1*z. What is the greatest common divisor of 2 and s?
2
Suppose -4*v + 2*v = -280. What is the greatest common divisor of v and 56?
28
Suppose -4*b + 5*g = -b - 70, -g + 18 = b. What is the highest common factor of b and 140?
20
Suppose -3*f = x + 20, 5*f - 3*x = 2*x - 20. Let y be (-70)/f - 12/18. Suppose 0 = -3*u + 12 + 21. Calculate the highest common factor of u and y.
11
Suppose -34 = -2*f - 8. What is the greatest common divisor of f and 26?
13
Let d = 8 + -2. What is the highest common divisor of 2 and d?
2
Let b(a) = -4*a - 2. Let s be b(-2). Calculate the highest common divisor of 18 and s.
6
Let h be ((-10)/(-15))/((-4)/(-102)). What is the highest common factor of h and 187?
17
Suppose -4*g - 9 = 3. Let d(a) = a**3 - 1. Let j(x) = 34*x**3 + 4. Let y(r) = g*d(r) - j(r). Let h be y(-1). What is the greatest common factor of h and 4?
4
Suppose -2*r + 0*i = -3*i - 10, 0 = 5*i - 10. Suppose r = -5*b + 3*b. Let c = 11 - b. Calculate the highest common divisor of 6 and c.
3
Suppose 36 = -4*d + 7*d. Suppose -3*i - 5 = -5*g - 1, 3*g + 3*i - d = 0. Suppose 55 = 5*c + h, -2*h - 20 = g*h. What is the highest common factor of c and 108?
12
Let q = 52 - -20. Let c(s) = -s**3 + 4*s**2 + 10*s - 17. Let l be c(5). Calculate the highest common divisor of q and l.
8
Let d(x) = -x**3 + 3*x**2 - 2*x - 2. Let y be d(4). Let v = y - -44. Calculate the highest common factor of v and 72.
18
Let l(r) = 55*r**2 + r. Let u be l(1). Calculate the greatest common factor of u and 14.
14
Let f = 42 + -14. Suppose 0 = 3*j - 0*j - 21. What is the highest common factor of f and j?
7
Suppose 15*f - 7*f = 1080. Calculate the greatest common divisor of 45 and f.
45
Let j be 0 - (181 + -4)/1. Let u = -79 - j. What is the highest common factor of u and 14?
14
Let c(p) = 19*p - 2. Let i be c(11). Calculate the highest common factor of i and 23.
23
Let u(s) = -s + 9. Let n be u(6). Suppose 2*x - 12 = -x. Suppose 12 = -x*d + 5*d. What is the greatest common divisor of d and n?
3
Let j be 238/21*(-6)/(-4). Let w = 28 - j. What is the greatest common divisor of w and 1?
1
Let g = -2 - 13. Let h be -2*3/g*-20. Let n(c) = 2*c**2 + 13*c + 12. Let u be n(h). What is the greatest common factor of 9 and u?
9
Let i = -1 - -3. Suppose 3*c - 9 = 3. Suppose -i*u = -c*o + 30, -5*u - 1 = 2*o + 14. What is the greatest common factor of 40 and o?
5
Suppose 3*u - 4 = 2. Suppose 0 = 2*y + y - m - 73, u*y = 4*m + 32. What is the highest common factor of 208 and y?
26
Suppose -5*v - 3 = -o - 25, 0 = -5*v - 5*o + 10. Let w be 30/(-4)*v/(-6). What is the highest common divisor of w and 10?
5
Let u = -23 - -25. Calculate the greatest common divisor of 4 and u.
2
Let p(v) = v + 9. Let m be p(-4). Calculate the highest common divisor of 40 and m.
5
Let o = 8 + -6. Suppose 0 = -o*d + 8 - 2. Suppose 10 = c + 2*c + 5*r, -32 = -2*c + d*r. Calculate the greatest common divisor of 2 and c.
2
Let l(r) = r**2 + 12*r - 10. Let d be l(-13). Suppose -g = 2*c - 149, -2*c + 216 = c + d*g. What is the greatest common factor of c and 7?
7
Let m = -9 + 69. Let l = 0 + 4. Suppose a - l = 2. What is the highest common factor of m and a?
6
Suppose 3*x + 30 = 6*x. Calculate the highest common divisor of x and 6.
2
Suppose -12 - 2 = -o. Suppose g + 33 - 103 = 0. Calculate the highest common factor of g and o.
14
Let c be ((-8)/10)/((-4)/30). Suppose 141 = 4*u - 123. Calculate the highest common divisor of c and u.
6
Let b(d) = d**2 - 6*d + 5. Let x be b(7). What is the greatest common divisor of x and 132?
12
Suppose -3 - 7 = -10*o. What is the greatest common divisor of 1 and o?
1
Let g = 11 - 10. Suppose -2*c - 9 - g = 0, 2*c = n - 186. What is the greatest common divisor of 22 and n?
22
Suppose -4*a - z = a - 81, 4*z = -16. Let p = 65 + 88. Calculate the greatest common factor of a and p.
17
Let b(l) = 2*l + l - 2*l + 32. Let a be b(0). Calculate the highest common factor of a and 8.
8
Let g be ((-36)/10)/((-2)/50). Let j(x) be the second derivative of -7*x**3/6 + x**2/2 - 2*x. Let z be j(-5). What is the greatest common divisor of z and g?
18
Suppose 0 = 3*w + 2*c - 43, -4*w + 19 = 3*c - 8*c. Calculate the greatest common divisor of 11 and w.
11
Let g(n) = 3*n**2 + 5*n - 4. Let y be g(-4). Suppose 30*k = -30 + 150. What is the highest common divisor of k and y?
4
Let p = -29 - -51. Suppose 0 = -3*j + 9, j - 11 = 6*k - 10*k. Calculate the greatest common factor of k and p.
2
Let b = 17 - 6. Suppose 0 = -2*u + 3*o - 2*o + 200, -4*u + 386 = 5*o. What is the highest common divisor of u and b?
11
Let h = 11 + -7. Suppose -4*j = n + 4, 2*n = -n + h*j + 68. Let a be 48 + (-4 + 4)/(2 + -1). What is the greatest common factor of a and n?
16
Let v(g) = g**3 + 11*g**2 + 9*g. Let c be v(-8). Suppose 2*i + 3*f - 4*f - 48 = 0, 2*i + f = 48. Calculate the greatest common divisor of i and c.
24
Suppose 3*u - 1 - 20 = 0. Suppose j - 3 = -1. Let h = j + 5. What is the greatest common factor of h and u?
7
Let k(z) = 2*z**2 - 15*z - 5. Let t be k(11). Calculate the highest common divisor of 8 and t.
8
Let m(z) = z**2 - 2*z - 41. Let v be m(8). Calculate the highest common factor of v and 56.
7
Let y(m) = -m + 19. Let v be y(9). Let p = 15 - v. Calculate the greatest common divisor of 5 and p.
5
Suppose 0 = -5*v + 4*f + 70, 3*v - 6*v + 5*f + 29 = 0. Calculate the highest common factor of v and 72.
18
Suppose 7*b = 9*b - 20. Suppose -4*j = -4*y + 452, 4*y = -y - 5*j + 535. What is the highest common divisor of b and y?
10
Suppose -4*h + 3*l + 119 = 0, -5*l = -4*h - l + 124. Calculate the greatest common factor of h and 13.
13
Let z(w) = w**3 - 4*w**2 - 6*w + 7. Let u be z(5). Suppose -j - 12 = 4*t, j + u*t = t + 3. Calculate the highest common factor of j and 72.
8
Let n(i) be the second derivative of i**5/20 - 2*i**4/3 + i**3/3 - 2*i**2 + i. Let b be n(8). What is the greatest common divisor of 132 and b?
12
Let c(d) = 4*d**2 + 9*d - 14. Let f be c(2). Calculate the greatest common factor of 160 and f.
20
Suppose 2*u + 0*u = 142. Suppose 2*a = 5 + u. What is the greatest common divisor of a and 19?
19
Let l be (-1)/2 + (-78)/(-4). Let j = l + 3. Suppose 0 = 5*z - 20, -6*x + 4*z = -x - 39. Calculate the greatest common divisor of x and j.
11
Let x be 2/13 - 102/(-13). Calculate the greatest common divisor of x and 8.
8
Let s = 56 + -53. Calculate the highest common factor of s and 1.
1
Suppose -3*n - 8 = -5*n. Let r be (-2)/3*9/(-6). What is the highest common divisor of n and r?
1
Suppose 0 = 5*i - 2*f - 16, -2*i + 2*f - f + 7 = 0. Suppose 1 = 2*m - 3. Calculate the greatest common divisor of m and i.
2
Let t be 6/15 + (-44)/10. Let x = 5 + t. Let a be (x*-2)/2*-9. What is the greatest common divisor of a and 99?
9
Let h(s) = -s**3 - 4*s**2 + s + 4. Let i be h(-4). Let w = i - 2. Let t be w*2*3/(-6). Calculate the greatest common divisor of t and 4.
2
Let y(i) = 7*i - 7. Let r(t) = -t - 1. Let f(s) = -6*r(s) - y(s). Let c be f(0). What is the greatest common factor of 26 and c?
13
Let c be ((-4)/(-10))/(2/260). Let p be (-4)/(-10) + c/20. Calculate the highest common factor of p and 3.
3
Let t be (14/(-3))/(4/(-54)). Let k be t + -3*6/(-9). Calculate the greatest common factor of 26 and k.
13
Let w be 30/(2 + 3 - 3). Let x = 34 - w. Suppose -3*p + 2*p - r = -9, -3*p - r = -x. Calculate the greatest common factor of p and 15.
5
Suppose 0*o - 4*o - 39 = -5*l, -3*o + 11 = 2*l. Suppose -5*v - 334 - 321 = 0. Let m = 187 + v. Calculate the greatest common factor of l and m.
7
Suppose -5*p + 10*p = 45. Calculate the highest common divisor of p and 81.
9
Let c(v) = v**2 + 8*v + 6. Let n be c(-8). Let q = 5 - 2. Suppose w + 5*l = -3*w + 26, -2*w + q*l = -24. Calculate the greatest common factor of n and w.
3
Suppose -7*l = -3*l - 240. Suppose 3*m - l = -4*k + 4*m, 5*k - 2*m = 75. Calculate the greatest common divisor of 90 and k.
15
Let n(p) = -11*p - 5. Let d(q) = -6*q - 2. Let w(r) = -13*d(r) + 6*n(r). Let l be w(4). Calculate the highest common divisor of 4 and l.
4
Let w be (1 - (-1 - 4)) + -1. What is the highest common divisor of 1 and w?
1
Let d = 97 + -51. Calculate the highest common divisor of d and 69.
23
Suppose -2*o - 5*p + 24 = -4, 0 = 3*o + 5*p - 52. Let k = -10 - -14. Let y = k + 4. What is the greatest common factor 